{"version":"1.0","provider_name":"Federa\u00e7\u00e3o de R\u00e1dio Taiss\u00f4 do Brasil","provider_url":"https:\/\/radiotaisso.com.br\/play","author_name":"Direto da Reda\u00e7\u00e3o","author_url":"https:\/\/radiotaisso.com.br\/play\/index.php\/author\/digiacomoprodutoragmail-com\/","title":"Hist\u00f3ria - Federa\u00e7\u00e3o de R\u00e1dio Taiss\u00f4 do Brasil","type":"rich","width":600,"height":338,"html":"<blockquote class=\"wp-embedded-content\" data-secret=\"Vu3cO6bTxe\"><a href=\"https:\/\/radiotaisso.com.br\/play\/index.php\/historia\/\">Hist\u00f3ria<\/a><\/blockquote><iframe sandbox=\"allow-scripts\" security=\"restricted\" src=\"https:\/\/radiotaisso.com.br\/play\/index.php\/historia\/embed\/#?secret=Vu3cO6bTxe\" width=\"600\" height=\"338\" title=\"&#8220;Hist\u00f3ria&#8221; &#8212; Federa\u00e7\u00e3o de R\u00e1dio Taiss\u00f4 do Brasil\" data-secret=\"Vu3cO6bTxe\" frameborder=\"0\" marginwidth=\"0\" marginheight=\"0\" scrolling=\"no\" class=\"wp-embedded-content\"><\/iframe><script type=\"text\/javascript\">\n\/* <![CDATA[ *\/\n\/*! This file is auto-generated *\/\n!function(d,l){\"use strict\";l.querySelector&&d.addEventListener&&\"undefined\"!=typeof URL&&(d.wp=d.wp||{},d.wp.receiveEmbedMessage||(d.wp.receiveEmbedMessage=function(e){var t=e.data;if((t||t.secret||t.message||t.value)&&!\/[^a-zA-Z0-9]\/.test(t.secret)){for(var s,r,n,a=l.querySelectorAll('iframe[data-secret=\"'+t.secret+'\"]'),o=l.querySelectorAll('blockquote[data-secret=\"'+t.secret+'\"]'),c=new RegExp(\"^https?:$\",\"i\"),i=0;i<o.length;i++)o[i].style.display=\"none\";for(i=0;i<a.length;i++)s=a[i],e.source===s.contentWindow&&(s.removeAttribute(\"style\"),\"height\"===t.message?(1e3<(r=parseInt(t.value,10))?r=1e3:~~r<200&&(r=200),s.height=r):\"link\"===t.message&&(r=new URL(s.getAttribute(\"src\")),n=new URL(t.value),c.test(n.protocol))&&n.host===r.host&&l.activeElement===s&&(d.top.location.href=t.value))}},d.addEventListener(\"message\",d.wp.receiveEmbedMessage,!1),l.addEventListener(\"DOMContentLoaded\",function(){for(var e,t,s=l.querySelectorAll(\"iframe.wp-embedded-content\"),r=0;r<s.length;r++)(t=(e=s[r]).getAttribute(\"data-secret\"))||(t=Math.random().toString(36).substring(2,12),e.src+=\"#?secret=\"+t,e.setAttribute(\"data-secret\",t)),e.contentWindow.postMessage({message:\"ready\",secret:t},\"*\")},!1)))}(window,document);\n\/\/# sourceURL=https:\/\/radiotaisso.com.br\/play\/wp-includes\/js\/wp-embed.min.js\n\/* ]]> *\/\n<\/script>\n","description":"GINASTICA R\u00cdTMICA R\u00c1DIO TAISS\u00d4 SIGNIFICADO \u00c9 uma gin\u00e1stica oriunda do Jap\u00e3o, nasceu ap\u00f3s a primeira guerra mundial quando pela escassez de alimentos, o povo estava muito debilitado e doente. Na \u00e9poca o comando era feito pelas ondas do r\u00e1dio e por um professor de Educa\u00e7\u00e3o F\u00edsica, e as pessoas seguindo o comando faziam os exerc\u00edcios em suas casas ou nas pra\u00e7as. Hoje, ela \u00e9 transmitida pela Televis\u00e3o, pelo Youtube, Instagran, Lives. A gin\u00e1stica r\u00edtmica Radio Taiss\u00f4 \u00e9 uma gin\u00e1stica ritmica, moderada, aer\u00f3bica, pois tem por finalidade exercitar o corpo para desenvolv\u00ea-lo e fortific\u00e1-lo, e pela m\u00fasica manter a harmonia dos movimentos. \u00c9 um exerc\u00edcio f\u00edsico moderado, com a finalidade de desenvolver e manter a aptid\u00e3o f\u00edsica, de maneira suave e benigna. ORIGEM A Gin\u00e1stica R\u00edtmica R\u00e1dio Taiss\u00f4 teve in\u00edcio no Jap\u00e3o, em 1928, com a iniciativa do Departamento de Seguro Simplificado do Minist\u00e9rio das Comunica\u00e7\u00f5es e apoio da N.H.K. (Nippon Hosso Kyokai) para preven\u00e7\u00e3o de enfermidades da \u00e9poca; foi enviado um requerimento ao Minist\u00e9rio da Educa\u00e7\u00e3o e \u00e0 Associa\u00e7\u00e3o das Companhias de Seguros de Vida, solicitando o planejamento do formato dos movimentos de R\u00e1dio Taiss\u00f4 e a sua divulga\u00e7\u00e3o. Foram escolhidos especialistas no assunto para compor a Comiss\u00e3o Executiva, com os seguintes objetivos: 1 \u2013 Poder praticar a gin\u00e1stica em qualquer lugar, por qualquer pessoa, em qualquer tempo e hora; 2 \u2013 Poder praticar com alegria, acompanhando a m\u00fasica e ao comando; 3 \u2013 Poder praticar com simplicidade, sem instrumentos especiais. A Gin\u00e1stica R\u00e1dio Taiss\u00f4 foi transmitida pela Emissora de R\u00e1dio no dia 01 de novembro de 1928, com o comando de um profissional e as pessoas praticavam em seus lares, ou nas pra\u00e7as p\u00fablicas. Em 1932, foi instituida a Gin\u00e1stica R\u00edtmica R\u00e1dio Taiss\u00f4 2, visando as pessoas da faixa et\u00e1ria entre 20 a 40 anos de idade. Em mar\u00e7o de 1956, foi composta e institu\u00edda a Can\u00e7\u00e3o do R\u00e1dio Taiss\u00f4. Em virtude do crescente aumento da popula\u00e7\u00e3o de idade avan\u00e7ada, foi elaborada e institu\u00edda, em 1998, uma outra modalidade de gin\u00e1stica denominada Gin\u00e1stica do Povo (Minna no Taiss\u00f4), que tem como princ\u00edpio a manuten\u00e7\u00e3o da sa\u00fade das pessoas da 3\u00aa idade. Atualmente no Jap\u00e3o, o incentivo e divulga\u00e7\u00e3o do R\u00e1dio Taiss\u00f4 s\u00e3o coordenadas pela Confedera\u00e7\u00e3o de R\u00e1dio Taiss\u00f4 do Jap\u00e3o e pela transmiss\u00e3o na televis\u00e3o pela N.H.K. ( Nippon Hosso Kyokai). RADIO TAISS\u00d4 NO BRASIL No Brasil, em 01 de outubro de 1978 formou-se a primeiro grupo de R\u00e1dio Taiss\u00f4, como Divis\u00e3o da Associa\u00e7\u00e3o dos Lojistas da Liberdade, em S\u00e3o Paulo. Em 25 de janeiro de 1985, deu in\u00edcio a Associa\u00e7\u00e3o de R\u00e1dio Taiss\u00f4 de S\u00e3o Paulo. Em 20 de mar\u00e7o de 1991, a raz\u00e3o social da Associa\u00e7\u00e3o de R\u00e1dio Taiss\u00f4 de S\u00e3o Paulo foi alterada para: FEDERA\u00c7\u00c3O DE R\u00c1DIO TAISS\u00d4 DO BRASIL (FERTBRA). Em 28 de dezembro de 1994, foi sancionado o DIA MUNICIPAL DE R\u00c1DIO TAISS\u00d4 para o dia 18 de JUNHO, Lei Municipal 11.701. Em 14 de mar\u00e7o de 1996, foi sancionado o DIA ESTADUAL DE R\u00c1DIO TAISS\u00d4, comemorado no dia 18 de JUNHO, pela Lei 9.345. Em 10 de setembro de 2018, o Conselho Regional de Educa\u00e7\u00e3o F\u00edsica da 4\u00aa regi\u00e3o \u2013 Estado de S\u00e3o Paulo, homenageou a Federa\u00e7\u00e3o de R\u00e1dio Taiss\u00f4 do Brasil com a COMENDA BENEM\u00c9RITA DO ESTADO DE S\u00c3O PAULO CREF 4\/SP e a MEDALHA DA EDUCA\u00c7\u00c3O F\u00cdSICA, por ocasi\u00e3o do Anivers\u00e1rio dos 40 anos da Fertbra, pelo zelo, dedica\u00e7\u00e3o, presteza no trabalho e a\u00e7\u00f5es para o engrandecimento da Educa\u00e7\u00e3o F\u00edsica.","thumbnail_url":"http:\/\/radiotaisso.com.br\/play\/wp-content\/uploads\/2025\/01\/60.jpg"}

Federação de Rádio Taissô do Brasil

Direto da Redação

História - Federação de Rádio Taissô do Brasil

<blockquote class="wp-embedded-content" data-secret="Vu3cO6bTxe"><a href="https://radiotaisso.com.br/play/index.php/historia/">História</a></blockquote><iframe sandbox="allow-scripts" security="restricted" src="https://radiotaisso.com.br/play/index.php/historia/embed/#?secret=Vu3cO6bTxe" width="600" height="338" title="&#8220;História&#8221; &#8212; Federação de Rádio Taissô do Brasil" data-secret="Vu3cO6bTxe" frameborder="0" marginwidth="0" marginheight="0" scrolling="no" class="wp-embedded-content"></iframe><script type="text/javascript">
/* <![CDATA[ */
/*! This file is auto-generated */
!function(d,l){"use strict";l.querySelector&&d.addEventListener&&"undefined"!=typeof URL&&(d.wp=d.wp||{},d.wp.receiveEmbedMessage||(d.wp.receiveEmbedMessage=function(e){var t=e.data;if((t||t.secret||t.message||t.value)&&!/[^a-zA-Z0-9]/.test(t.secret)){for(var s,r,n,a=l.querySelectorAll('iframe[data-secret="'+t.secret+'"]'),o=l.querySelectorAll('blockquote[data-secret="'+t.secret+'"]'),c=new RegExp("^https?:$","i"),i=0;i<o.length;i++)o[i].style.display="none";for(i=0;i<a.length;i++)s=a[i],e.source===s.contentWindow&&(s.removeAttribute("style"),"height"===t.message?(1e3<(r=parseInt(t.value,10))?r=1e3:~~r<200&&(r=200),s.height=r):"link"===t.message&&(r=new URL(s.getAttribute("src")),n=new URL(t.value),c.test(n.protocol))&&n.host===r.host&&l.activeElement===s&&(d.top.location.href=t.value))}},d.addEventListener("message",d.wp.receiveEmbedMessage,!1),l.addEventListener("DOMContentLoaded",function(){for(var e,t,s=l.querySelectorAll("iframe.wp-embedded-content"),r=0;r<s.length;r++)(t=(e=s[r]).getAttribute("data-secret"))||(t=Math.random().toString(36).substring(2,12),e.src+="#?secret="+t,e.setAttribute("data-secret",t)),e.contentWindow.postMessage({message:"ready",secret:t},"*")},!1)))}(window,document);
//# sourceURL=https://radiotaisso.com.br/play/wp-includes/js/wp-embed.min.js
/* ]]> */
</script>

GINASTICA RÍTMICA RÁDIO TAISSÔ SIGNIFICADO É uma ginástica oriunda do Japão, nasceu após a primeira guerra mundial quando pela escassez de alimentos, o povo estava muito debilitado e doente. Na época o comando era feito pelas ondas do rádio e por um professor de Educação Física, e as pessoas seguindo o comando faziam os exercícios em suas casas ou nas praças. Hoje, ela é transmitida pela Televisão, pelo Youtube, Instagran, Lives. A ginástica rítmica Radio Taissô é uma ginástica ritmica, moderada, aeróbica, pois tem por finalidade exercitar o corpo para desenvolvê-lo e fortificá-lo, e pela música manter a harmonia dos movimentos. É um exercício físico moderado, com a finalidade de desenvolver e manter a aptidão física, de maneira suave e benigna. ORIGEM A Ginástica Rítmica Rádio Taissô teve início no Japão, em 1928, com a iniciativa do Departamento de Seguro Simplificado do Ministério das Comunicações e apoio da N.H.K. (Nippon Hosso Kyokai) para prevenção de enfermidades da época; foi enviado um requerimento ao Ministério da Educação e à Associação das Companhias de Seguros de Vida, solicitando o planejamento do formato dos movimentos de Rádio Taissô e a sua divulgação. Foram escolhidos especialistas no assunto para compor a Comissão Executiva, com os seguintes objetivos: 1 – Poder praticar a ginástica em qualquer lugar, por qualquer pessoa, em qualquer tempo e hora; 2 – Poder praticar com alegria, acompanhando a música e ao comando; 3 – Poder praticar com simplicidade, sem instrumentos especiais. A Ginástica Rádio Taissô foi transmitida pela Emissora de Rádio no dia 01 de novembro de 1928, com o comando de um profissional e as pessoas praticavam em seus lares, ou nas praças públicas. Em 1932, foi instituida a Ginástica Rítmica Rádio Taissô 2, visando as pessoas da faixa etária entre 20 a 40 anos de idade. Em março de 1956, foi composta e instituída a Canção do Rádio Taissô. Em virtude do crescente aumento da população de idade avançada, foi elaborada e instituída, em 1998, uma outra modalidade de ginástica denominada Ginástica do Povo (Minna no Taissô), que tem como princípio a manutenção da saúde das pessoas da 3ª idade. Atualmente no Japão, o incentivo e divulgação do Rádio Taissô são coordenadas pela Confederação de Rádio Taissô do Japão e pela transmissão na televisão pela N.H.K. ( Nippon Hosso Kyokai). RADIO TAISSÔ NO BRASIL No Brasil, em 01 de outubro de 1978 formou-se a primeiro grupo de Rádio Taissô, como Divisão da Associação dos Lojistas da Liberdade, em São Paulo. Em 25 de janeiro de 1985, deu início a Associação de Rádio Taissô de São Paulo. Em 20 de março de 1991, a razão social da Associação de Rádio Taissô de São Paulo foi alterada para: FEDERAÇÃO DE RÁDIO TAISSÔ DO BRASIL (FERTBRA). Em 28 de dezembro de 1994, foi sancionado o DIA MUNICIPAL DE RÁDIO TAISSÔ para o dia 18 de JUNHO, Lei Municipal 11.701. Em 14 de março de 1996, foi sancionado o DIA ESTADUAL DE RÁDIO TAISSÔ, comemorado no dia 18 de JUNHO, pela Lei 9.345. Em 10 de setembro de 2018, o Conselho Regional de Educação Física da 4ª região – Estado de São Paulo, homenageou a Federação de Rádio Taissô do Brasil com a COMENDA BENEMÉRITA DO ESTADO DE SÃO PAULO CREF 4/SP e a MEDALHA DA EDUCAÇÃO FÍSICA, por ocasião do Aniversário dos 40 anos da Fertbra, pelo zelo, dedicação, presteza no trabalho e ações para o engrandecimento da Educação Física.
