{"id":86,"date":"2025-01-02T19:53:41","date_gmt":"2025-01-02T22:53:41","guid":{"rendered":"https:\/\/radiotaisso.com.br\/play\/?page_id=86"},"modified":"2025-01-08T12:21:48","modified_gmt":"2025-01-08T15:21:48","slug":"fale-conosco","status":"publish","type":"page","link":"https:\/\/radiotaisso.com.br\/play\/index.php\/fale-conosco\/","title":{"rendered":"Fale Conosco"},"content":{"rendered":"\n<p><br>A Federa\u00e7\u00e3o de R\u00e1dio Taiss\u00f4 do Brasil \u00e9 uma entidade sem fins lucrativos, criada em 1978 no Brasil, no Jap\u00e3o \u00e9 praticada desde 1928. O objetivo \u00e9 conscientizar a nossa popula\u00e7\u00e3o brasileira para os benef\u00edcios da pr\u00e1tica de exerc\u00edcios f\u00edsicos para a preven\u00e7\u00e3o das enfermidades oriundas do sedentarismo da vida atual.<br><br><\/p>\n\n\n<p>\n\n<p><span style=\"color: #3366ff;\"><strong>ENDERE\u00c7O<\/strong><\/span><br \/>Rua Veriano Pereira, 63\u00a0 |\u00a0 8\u00ba Andar\u00a0 |\u00a0 Sala 84. S\u00e3o Paulo \/ SP. CEP 04144-030<\/p>\n<hr \/>\n<p><span style=\"color: #3366ff;\"><strong>TELEFONE<\/strong><\/span><br \/>(11) 5584-8511\u00a0 |\u00a0 97326-2658<\/p>\n<hr \/>\n<p><span style=\"color: #3366ff;\"><strong>E-MAIL<\/strong><\/span><br \/>fertbra18@gmail.com<\/p>\n<hr \/>\n<p>\u00a0<\/p>\n\n<\/p>\n\n\n<iframe src=\"https:\/\/www.google.com\/maps\/embed?pb=!1m18!1m12!1m3!1d3655.6946909296566!2d-46.640471424668284!3d-23.615280078762872!2m3!1f0!2f0!3f0!3m2!1i1024!2i768!4f13.1!3m3!1m2!1s0x94ce5a4e163d95e7%3A0xf6215248171a7e10!2sR.%20Veriano%20Pereira%2C%2063%20-%208%C2%BA%20Andar%20%7C%20Sala%2084%20-%20Vila%20da%20Sa%C3%BAde%2C%20S%C3%A3o%20Paulo%20-%20SP%2C%2004144-030!5e0!3m2!1spt-BR!2sbr!4v1735858351009!5m2!1spt-BR!2sbr\" width=\"800\" height=\"600\" style=\"border:0;\" allowfullscreen=\"\" loading=\"lazy\" referrerpolicy=\"no-referrer-when-downgrade\"><\/iframe>\n\n\n<p>&nbsp;<\/p>\n<hr \/>\n<p>&nbsp;<\/p>\n\n\n<div class=\"wp-block-buttons is-layout-flex wp-block-buttons-is-layout-flex\">\n<div class=\"wp-block-button has-custom-width wp-block-button__width-50 has-custom-font-size\" style=\"font-size:16px;font-style:normal;font-weight:200\"><a class=\"wp-block-button__link has-white-color has-text-color has-background has-link-color wp-element-button\" href=\"https:\/\/radiotaisso.com.br\/play\/index.php\/associacoes\/\" style=\"border-radius:8px;background-color:#3366ff\"><strong>Conhe\u00e7a nossas Associa\u00e7\u00f5es<\/strong><\/a><\/div>\n<\/div>\n\n\n\n<p><br><\/p>\n\n\n\n<p><\/p>\n","protected":false},"excerpt":{"rendered":"<p>A Federa\u00e7\u00e3o de R\u00e1dio Taiss\u00f4 do Brasil \u00e9 uma entidade sem fins lucrativos, criada em 1978 no Brasil, no Jap\u00e3o \u00e9 praticada desde 1928. O objetivo \u00e9 conscientizar a nossa popula\u00e7\u00e3o brasileira para os benef\u00edcios da pr\u00e1tica de exerc\u00edcios f\u00edsicos para a preven\u00e7\u00e3o das enfermidades oriundas do sedentarismo da vida atual. ENDERE\u00c7ORua Veriano Pereira, 63\u00a0 |\u00a0 8\u00ba Andar\u00a0 |\u00a0 Sala 84. S\u00e3o Paulo \/ SP. CEP 04144-030 TELEFONE(11) 5584-8511\u00a0 |\u00a0 97326-2658 E-MAILfertbra18@gmail.com \u00a0 &nbsp; &nbsp;<\/p>\n","protected":false},"author":1,"featured_media":0,"parent":0,"menu_order":0,"comment_status":"closed","ping_status":"closed","template":"","meta":{"footnotes":""},"class_list":["post-86","page","type-page","status-publish","hentry"],"yoast_head":"<!-- This site is optimized with the Yoast SEO plugin v27.1.1 - https:\/\/yoast.com\/product\/yoast-seo-wordpress\/ -->\n<title>Fale Conosco - Federa\u00e7\u00e3o de R\u00e1dio Taiss\u00f4 do Brasil<\/title>\n<meta name=\"robots\" content=\"index, follow, max-snippet:-1, max-image-preview:large, max-video-preview:-1\" \/>\n<link rel=\"canonical\" href=\"https:\/\/radiotaisso.com.br\/play\/index.php\/fale-conosco\/\" \/>\n<meta property=\"og:locale\" content=\"en_US\" \/>\n<meta property=\"og:type\" content=\"article\" \/>\n<meta property=\"og:title\" content=\"Fale Conosco - Federa\u00e7\u00e3o de R\u00e1dio Taiss\u00f4 do Brasil\" \/>\n<meta property=\"og:description\" content=\"A Federa\u00e7\u00e3o de R\u00e1dio Taiss\u00f4 do Brasil \u00e9 uma entidade sem fins lucrativos, criada em 1978 no Brasil, no Jap\u00e3o \u00e9 praticada desde 1928. O objetivo \u00e9 conscientizar a nossa popula\u00e7\u00e3o brasileira para os benef\u00edcios da pr\u00e1tica de exerc\u00edcios f\u00edsicos para a preven\u00e7\u00e3o das enfermidades oriundas do sedentarismo da vida atual. ENDERE\u00c7ORua Veriano Pereira, 63\u00a0 |\u00a0 8\u00ba Andar\u00a0 |\u00a0 Sala 84. S\u00e3o Paulo \/ SP. CEP 04144-030 TELEFONE(11) 5584-8511\u00a0 |\u00a0 97326-2658 E-MAILfertbra18@gmail.com \u00a0 &nbsp; &nbsp;\" \/>\n<meta property=\"og:url\" content=\"https:\/\/radiotaisso.com.br\/play\/index.php\/fale-conosco\/\" \/>\n<meta property=\"og:site_name\" content=\"Federa\u00e7\u00e3o de R\u00e1dio Taiss\u00f4 do Brasil\" \/>\n<meta property=\"article:publisher\" content=\"https:\/\/www.facebook.com\/RadioTaissodoBrasil\" \/>\n<meta property=\"article:modified_time\" content=\"2025-01-08T15:21:48+00:00\" \/>\n<meta name=\"twitter:card\" content=\"summary_large_image\" \/>\n<script type=\"application\/ld+json\" class=\"yoast-schema-graph\">{\"@context\":\"https:\/\/schema.org\",\"@graph\":[{\"@type\":\"WebPage\",\"@id\":\"https:\/\/radiotaisso.com.br\/play\/index.php\/fale-conosco\/\",\"url\":\"https:\/\/radiotaisso.com.br\/play\/index.php\/fale-conosco\/\",\"name\":\"Fale Conosco - Federa\u00e7\u00e3o de R\u00e1dio Taiss\u00f4 do Brasil\",\"isPartOf\":{\"@id\":\"https:\/\/radiotaisso.com.br\/play\/#website\"},\"datePublished\":\"2025-01-02T22:53:41+00:00\",\"dateModified\":\"2025-01-08T15:21:48+00:00\",\"breadcrumb\":{\"@id\":\"https:\/\/radiotaisso.com.br\/play\/index.php\/fale-conosco\/#breadcrumb\"},\"inLanguage\":\"en-US\",\"potentialAction\":[{\"@type\":\"ReadAction\",\"target\":[\"https:\/\/radiotaisso.com.br\/play\/index.php\/fale-conosco\/\"]}]},{\"@type\":\"BreadcrumbList\",\"@id\":\"https:\/\/radiotaisso.com.br\/play\/index.php\/fale-conosco\/#breadcrumb\",\"itemListElement\":[{\"@type\":\"ListItem\",\"position\":1,\"name\":\"In\u00edcio\",\"item\":\"https:\/\/radiotaisso.com.br\/play\/\"},{\"@type\":\"ListItem\",\"position\":2,\"name\":\"Fale Conosco\"}]},{\"@type\":\"WebSite\",\"@id\":\"https:\/\/radiotaisso.com.br\/play\/#website\",\"url\":\"https:\/\/radiotaisso.com.br\/play\/\",\"name\":\"Federa\u00e7\u00e3o de R\u00e1dio Taiss\u00f4 do Brasil\",\"description\":\"Federa\u00e7\u00e3o de R\u00e1dio Taiss\u00f4 do Brasil \",\"publisher\":{\"@id\":\"https:\/\/radiotaisso.com.br\/play\/#organization\"},\"potentialAction\":[{\"@type\":\"SearchAction\",\"target\":{\"@type\":\"EntryPoint\",\"urlTemplate\":\"https:\/\/radiotaisso.com.br\/play\/?s={search_term_string}\"},\"query-input\":{\"@type\":\"PropertyValueSpecification\",\"valueRequired\":true,\"valueName\":\"search_term_string\"}}],\"inLanguage\":\"en-US\"},{\"@type\":\"Organization\",\"@id\":\"https:\/\/radiotaisso.com.br\/play\/#organization\",\"name\":\"FERTBRA\",\"url\":\"https:\/\/radiotaisso.com.br\/play\/\",\"logo\":{\"@type\":\"ImageObject\",\"inLanguage\":\"en-US\",\"@id\":\"https:\/\/radiotaisso.com.br\/play\/#\/schema\/logo\/image\/\",\"url\":\"https:\/\/radiotaisso.com.br\/play\/wp-content\/uploads\/2025\/01\/logo_taisso2.png\",\"contentUrl\":\"https:\/\/radiotaisso.com.br\/play\/wp-content\/uploads\/2025\/01\/logo_taisso2.png\",\"width\":483,\"height\":397,\"caption\":\"FERTBRA\"},\"image\":{\"@id\":\"https:\/\/radiotaisso.com.br\/play\/#\/schema\/logo\/image\/\"},\"sameAs\":[\"https:\/\/www.facebook.com\/RadioTaissodoBrasil\",\"https:\/\/www.instagram.com\/federacaoderadiotaissodobrasil\",\"https:\/\/www.youtube.com\/@FederacaoRadioTaissodoBrasil\"]}]}<\/script>\n<!-- \/ Yoast SEO plugin. -->","yoast_head_json":{"title":"Fale Conosco - Federa\u00e7\u00e3o de R\u00e1dio Taiss\u00f4 do Brasil","robots":{"index":"index","follow":"follow","max-snippet":"max-snippet:-1","max-image-preview":"max-image-preview:large","max-video-preview":"max-video-preview:-1"},"canonical":"https:\/\/radiotaisso.com.br\/play\/index.php\/fale-conosco\/","og_locale":"en_US","og_type":"article","og_title":"Fale Conosco - Federa\u00e7\u00e3o de R\u00e1dio Taiss\u00f4 do Brasil","og_description":"A Federa\u00e7\u00e3o de R\u00e1dio Taiss\u00f4 do Brasil \u00e9 uma entidade sem fins lucrativos, criada em 1978 no Brasil, no Jap\u00e3o \u00e9 praticada desde 1928. O objetivo \u00e9 conscientizar a nossa popula\u00e7\u00e3o brasileira para os benef\u00edcios da pr\u00e1tica de exerc\u00edcios f\u00edsicos para a preven\u00e7\u00e3o das enfermidades oriundas do sedentarismo da vida atual. ENDERE\u00c7ORua Veriano Pereira, 63\u00a0 |\u00a0 8\u00ba Andar\u00a0 |\u00a0 Sala 84. S\u00e3o Paulo \/ SP. CEP 04144-030 TELEFONE(11) 5584-8511\u00a0 |\u00a0 97326-2658 E-MAILfertbra18@gmail.com \u00a0 &nbsp; &nbsp;","og_url":"https:\/\/radiotaisso.com.br\/play\/index.php\/fale-conosco\/","og_site_name":"Federa\u00e7\u00e3o de R\u00e1dio Taiss\u00f4 do Brasil","article_publisher":"https:\/\/www.facebook.com\/RadioTaissodoBrasil","article_modified_time":"2025-01-08T15:21:48+00:00","twitter_card":"summary_large_image","schema":{"@context":"https:\/\/schema.org","@graph":[{"@type":"WebPage","@id":"https:\/\/radiotaisso.com.br\/play\/index.php\/fale-conosco\/","url":"https:\/\/radiotaisso.com.br\/play\/index.php\/fale-conosco\/","name":"Fale Conosco - Federa\u00e7\u00e3o de R\u00e1dio Taiss\u00f4 do Brasil","isPartOf":{"@id":"https:\/\/radiotaisso.com.br\/play\/#website"},"datePublished":"2025-01-02T22:53:41+00:00","dateModified":"2025-01-08T15:21:48+00:00","breadcrumb":{"@id":"https:\/\/radiotaisso.com.br\/play\/index.php\/fale-conosco\/#breadcrumb"},"inLanguage":"en-US","potentialAction":[{"@type":"ReadAction","target":["https:\/\/radiotaisso.com.br\/play\/index.php\/fale-conosco\/"]}]},{"@type":"BreadcrumbList","@id":"https:\/\/radiotaisso.com.br\/play\/index.php\/fale-conosco\/#breadcrumb","itemListElement":[{"@type":"ListItem","position":1,"name":"In\u00edcio","item":"https:\/\/radiotaisso.com.br\/play\/"},{"@type":"ListItem","position":2,"name":"Fale Conosco"}]},{"@type":"WebSite","@id":"https:\/\/radiotaisso.com.br\/play\/#website","url":"https:\/\/radiotaisso.com.br\/play\/","name":"Federa\u00e7\u00e3o de R\u00e1dio Taiss\u00f4 do Brasil","description":"Federa\u00e7\u00e3o de R\u00e1dio Taiss\u00f4 do Brasil ","publisher":{"@id":"https:\/\/radiotaisso.com.br\/play\/#organization"},"potentialAction":[{"@type":"SearchAction","target":{"@type":"EntryPoint","urlTemplate":"https:\/\/radiotaisso.com.br\/play\/?s={search_term_string}"},"query-input":{"@type":"PropertyValueSpecification","valueRequired":true,"valueName":"search_term_string"}}],"inLanguage":"en-US"},{"@type":"Organization","@id":"https:\/\/radiotaisso.com.br\/play\/#organization","name":"FERTBRA","url":"https:\/\/radiotaisso.com.br\/play\/","logo":{"@type":"ImageObject","inLanguage":"en-US","@id":"https:\/\/radiotaisso.com.br\/play\/#\/schema\/logo\/image\/","url":"https:\/\/radiotaisso.com.br\/play\/wp-content\/uploads\/2025\/01\/logo_taisso2.png","contentUrl":"https:\/\/radiotaisso.com.br\/play\/wp-content\/uploads\/2025\/01\/logo_taisso2.png","width":483,"height":397,"caption":"FERTBRA"},"image":{"@id":"https:\/\/radiotaisso.com.br\/play\/#\/schema\/logo\/image\/"},"sameAs":["https:\/\/www.facebook.com\/RadioTaissodoBrasil","https:\/\/www.instagram.com\/federacaoderadiotaissodobrasil","https:\/\/www.youtube.com\/@FederacaoRadioTaissodoBrasil"]}]}},"_links":{"self":[{"href":"https:\/\/radiotaisso.com.br\/play\/index.php\/wp-json\/wp\/v2\/pages\/86","targetHints":{"allow":["GET"]}}],"collection":[{"href":"https:\/\/radiotaisso.com.br\/play\/index.php\/wp-json\/wp\/v2\/pages"}],"about":[{"href":"https:\/\/radiotaisso.com.br\/play\/index.php\/wp-json\/wp\/v2\/types\/page"}],"author":[{"embeddable":true,"href":"https:\/\/radiotaisso.com.br\/play\/index.php\/wp-json\/wp\/v2\/users\/1"}],"replies":[{"embeddable":true,"href":"https:\/\/radiotaisso.com.br\/play\/index.php\/wp-json\/wp\/v2\/comments?post=86"}],"version-history":[{"count":20,"href":"https:\/\/radiotaisso.com.br\/play\/index.php\/wp-json\/wp\/v2\/pages\/86\/revisions"}],"predecessor-version":[{"id":727,"href":"https:\/\/radiotaisso.com.br\/play\/index.php\/wp-json\/wp\/v2\/pages\/86\/revisions\/727"}],"wp:attachment":[{"href":"https:\/\/radiotaisso.com.br\/play\/index.php\/wp-json\/wp\/v2\/media?parent=86"}],"curies":[{"name":"wp","href":"https:\/\/api.w.org\/{rel}","templated":true}]}}

<p><br>A Federação de Rádio Taissô do Brasil é uma entidade sem fins lucrativos, criada em 1978 no Brasil, no Japão é praticada desde 1928. O objetivo é conscientizar a nossa população brasileira para os benefícios da prática de exercícios físicos para a prevenção das enfermidades oriundas do sedentarismo da vida atual.<br><br></p>


<p>

<p><span style="color: #3366ff;"><strong>ENDEREÇO</strong></span><br />Rua Veriano Pereira, 63  |  8º Andar  |  Sala 84. São Paulo / SP. CEP 04144-030</p>
<hr />
<p><span style="color: #3366ff;"><strong>TELEFONE</strong></span><br />(11) 5584-8511  |  97326-2658</p>
<hr />
<p><span style="color: #3366ff;"><strong>E-MAIL</strong></span><br />fertbra18@gmail.com</p>
<hr />
<p> </p>

</p>


<iframe src="https://www.google.com/maps/embed?pb=!1m18!1m12!1m3!1d3655.6946909296566!2d-46.640471424668284!3d-23.615280078762872!2m3!1f0!2f0!3f0!3m2!1i1024!2i768!4f13.1!3m3!1m2!1s0x94ce5a4e163d95e7%3A0xf6215248171a7e10!2sR.%20Veriano%20Pereira%2C%2063%20-%208%C2%BA%20Andar%20%7C%20Sala%2084%20-%20Vila%20da%20Sa%C3%BAde%2C%20S%C3%A3o%20Paulo%20-%20SP%2C%2004144-030!5e0!3m2!1spt-BR!2sbr!4v1735858351009!5m2!1spt-BR!2sbr" width="800" height="600" style="border:0;" allowfullscreen="" loading="lazy" referrerpolicy="no-referrer-when-downgrade"></iframe>


<p>&nbsp;</p>
<hr />
<p>&nbsp;</p>


<div class="wp-block-buttons is-layout-flex wp-block-buttons-is-layout-flex">
<div class="wp-block-button has-custom-width wp-block-button__width-50 has-custom-font-size" style="font-size:16px;font-style:normal;font-weight:200"><a class="wp-block-button__link has-white-color has-text-color has-background has-link-color wp-element-button" href="https://radiotaisso.com.br/play/index.php/associacoes/" style="border-radius:8px;background-color:#3366ff"><strong>Conheça nossas Associações</strong></a></div>
</div>



<p><br></p>



<p></p>

<p>A Federação de Rádio Taissô do Brasil é uma entidade sem fins lucrativos, criada em 1978 no Brasil, no Japão é praticada desde 1928. O objetivo é conscientizar a nossa população brasileira para os benefícios da prática de exercícios físicos para a prevenção das enfermidades oriundas do sedentarismo da vida atual. ENDEREÇORua Veriano Pereira, 63  |  8º Andar  |  Sala 84. São Paulo / SP. CEP 04144-030 TELEFONE(11) 5584-8511  |  97326-2658 E-MAILfertbra18@gmail.com   &nbsp; &nbsp;</p>

<!-- This site is optimized with the Yoast SEO plugin v27.1.1 - https://yoast.com/product/yoast-seo-wordpress/ -->
<title>Fale Conosco - Federação de Rádio Taissô do Brasil</title>
<meta name="robots" content="index, follow, max-snippet:-1, max-image-preview:large, max-video-preview:-1" />
<link rel="canonical" href="https://radiotaisso.com.br/play/index.php/fale-conosco/" />
<meta property="og:locale" content="en_US" />
<meta property="og:type" content="article" />
<meta property="og:title" content="Fale Conosco - Federação de Rádio Taissô do Brasil" />
<meta property="og:description" content="A Federação de Rádio Taissô do Brasil é uma entidade sem fins lucrativos, criada em 1978 no Brasil, no Japão é praticada desde 1928. O objetivo é conscientizar a nossa população brasileira para os benefícios da prática de exercícios físicos para a prevenção das enfermidades oriundas do sedentarismo da vida atual. ENDEREÇORua Veriano Pereira, 63  |  8º Andar  |  Sala 84. São Paulo / SP. CEP 04144-030 TELEFONE(11) 5584-8511  |  97326-2658 E-MAILfertbra18@gmail.com   &nbsp; &nbsp;" />
<meta property="og:url" content="https://radiotaisso.com.br/play/index.php/fale-conosco/" />
<meta property="og:site_name" content="Federação de Rádio Taissô do Brasil" />
<meta property="article:publisher" content="https://www.facebook.com/RadioTaissodoBrasil" />
<meta property="article:modified_time" content="2025-01-08T15:21:48+00:00" />
<meta name="twitter:card" content="summary_large_image" />
<script type="application/ld+json" class="yoast-schema-graph">{"@context":"https://schema.org","@graph":[{"@type":"WebPage","@id":"https://radiotaisso.com.br/play/index.php/fale-conosco/","url":"https://radiotaisso.com.br/play/index.php/fale-conosco/","name":"Fale Conosco - Federação de Rádio Taissô do Brasil","isPartOf":{"@id":"https://radiotaisso.com.br/play/#website"},"datePublished":"2025-01-02T22:53:41+00:00","dateModified":"2025-01-08T15:21:48+00:00","breadcrumb":{"@id":"https://radiotaisso.com.br/play/index.php/fale-conosco/#breadcrumb"},"inLanguage":"en-US","potentialAction":[{"@type":"ReadAction","target":["https://radiotaisso.com.br/play/index.php/fale-conosco/"]}]},{"@type":"BreadcrumbList","@id":"https://radiotaisso.com.br/play/index.php/fale-conosco/#breadcrumb","itemListElement":[{"@type":"ListItem","position":1,"name":"Início","item":"https://radiotaisso.com.br/play/"},{"@type":"ListItem","position":2,"name":"Fale Conosco"}]},{"@type":"WebSite","@id":"https://radiotaisso.com.br/play/#website","url":"https://radiotaisso.com.br/play/","name":"Federação de Rádio Taissô do Brasil","description":"Federação de Rádio Taissô do Brasil ","publisher":{"@id":"https://radiotaisso.com.br/play/#organization"},"potentialAction":[{"@type":"SearchAction","target":{"@type":"EntryPoint","urlTemplate":"https://radiotaisso.com.br/play/?s={search_term_string}"},"query-input":{"@type":"PropertyValueSpecification","valueRequired":true,"valueName":"search_term_string"}}],"inLanguage":"en-US"},{"@type":"Organization","@id":"https://radiotaisso.com.br/play/#organization","name":"FERTBRA","url":"https://radiotaisso.com.br/play/","logo":{"@type":"ImageObject","inLanguage":"en-US","@id":"https://radiotaisso.com.br/play/#/schema/logo/image/","url":"https://radiotaisso.com.br/play/wp-content/uploads/2025/01/logo_taisso2.png","contentUrl":"https://radiotaisso.com.br/play/wp-content/uploads/2025/01/logo_taisso2.png","width":483,"height":397,"caption":"FERTBRA"},"image":{"@id":"https://radiotaisso.com.br/play/#/schema/logo/image/"},"sameAs":["https://www.facebook.com/RadioTaissodoBrasil","https://www.instagram.com/federacaoderadiotaissodobrasil","https://www.youtube.com/@FederacaoRadioTaissodoBrasil"]}]}</script>
<!-- / Yoast SEO plugin. -->

Fale Conosco - Federação de Rádio Taissô do Brasil

A Federação de Rádio Taissô do Brasil é uma entidade sem fins lucrativos, criada em 1978 no Brasil, no Japão é praticada desde 1928. O objetivo é conscientizar a nossa população brasileira para os benefícios da prática de exercícios físicos para a prevenção das enfermidades oriundas do sedentarismo da vida atual. ENDEREÇORua Veriano Pereira, 63  |  8º Andar  |  Sala 84. São Paulo / SP. CEP 04144-030 TELEFONE(11) 5584-8511  |  97326-2658 E-MAILfertbra18@gmail.com   &nbsp; &nbsp;

Federação de Rádio Taissô do Brasil

Início
